{"id":99,"date":"2018-06-02T11:02:36","date_gmt":"2018-06-02T11:02:36","guid":{"rendered":"http:\/\/new.choraledumoulin.net\/?page_id=99"},"modified":"2018-06-02T11:40:43","modified_gmt":"2018-06-02T11:40:43","slug":"accueil-des-nouveaux-membres","status":"publish","type":"page","link":"https:\/\/new.choraledumoulin.net\/index.php\/accueil-des-nouveaux-membres\/","title":{"rendered":"Accueil des nouveaux membres"},"content":{"rendered":"<h2 style=\"text-align: justify;\">LIVRET d\u2019accueil<\/h2>\n<div style=\"text-align: justify;\"><em><strong>(mise \u00e0 jour du 16 juillet 2006)<\/strong><\/em><\/div>\n<div style=\"text-align: justify;\">La chorale - son programme - ses projets<\/div>\n<div style=\"text-align: justify;\">La Chorale du Moulin d\u2019Ivry est n\u00e9e en 1978. Elle s\u2019est constitu\u00e9e en association loi 1901 en 1983. Ses activit\u00e9s se sont toujours exerc\u00e9es \u00e0 Ivry. Partie d\u2019une poign\u00e9e de locataires habitant dans un immeuble de la place Danton, elle a su, au fil des ann\u00e9es, se d\u00e9velopper et d\u00e9passer la cinquantaine de membres.<\/div>\n<div style=\"text-align: justify;\">Compos\u00e9e uniquement de choristes amateurs adultes des deux sexes regroupant les quatre voix, sans formation musicale oblig\u00e9e, elle rassemble des personnes qui d\u00e9sirent travailler le chant en partageant des relations amicales.<\/div>\n<div style=\"text-align: justify;\">Au fil des ann\u00e9es le r\u00e9pertoire s\u2019est orient\u00e9 vers le r\u00e9pertoire classique.<\/div>\n<div style=\"text-align: justify;\">Chaque ann\u00e9e la Chorale se produit en concerts. Nous avons donn\u00e9 :<\/div>\n<div style=\"text-align: justify;\">\u2022 depuis 1996, des programmes de chants vari\u00e9s dans plusieurs concerts en mars dans le cadre de l\u2019op\u00e9ration \u00ab1000 choeurs pour un regard\u00bb,<\/div>\n<div style=\"text-align: justify;\">\u2022 en 1998, Gloria de Vivaldi avec la chorale Chanter de Vincennes et l\u2019orchestre Opus 13,<\/div>\n<div style=\"text-align: justify;\">\u2022 en 2000, le Te Deum de Mozart et un Credo de Vivaldi, avec la chorale Divertimento de Paris 5e et l\u2019orchestre Opus 13,<\/div>\n<div style=\"text-align: justify;\">\u2022 en 2002, le Requiem de Mozart, avec le ch\u0153ur Darius Milhaud de Paris 14e et l\u2019orchestre Opus 13,<\/div>\n<div style=\"text-align: justify;\">\u2022 en 2005, le Psaume 42 de Mendelssohn, avec le ch\u0153ur Darius Milhaud de Paris 14e,<\/div>\n<div style=\"text-align: justify;\">\u2022 en 2006, un Magnificat de Pachelbel et la Messe en sol majeur de Schubert, avec le ch\u0153ur Accord de Clamart et l\u2019orchestre Opus 13,<\/div>\n<div style=\"text-align: justify;\">\u2022 le travail de l\u2019ann\u00e9e lors de notre f\u00eate annuelle en juin,<\/div>\n<div style=\"text-align: justify;\">\u2022 des chants de circonstance \u00e0 la demande (anniversaires de la sortie des camps nazis, \u2026).<\/div>\n<div style=\"text-align: justify;\">Outre les r\u00e9p\u00e9titions hebdomadaires du mercredi, le travail des choristes s\u2019appuie sur des cassettes ou des CD pr\u00e9par\u00e9s par pupitre. Ce travail est approfondi lors de quelques week-ends r\u00e9partis dans l\u2019ann\u00e9e.<\/div>\n<div style=\"text-align: justify;\"><\/div>\n<div><\/div>\n<h2 style=\"text-align: justify;\">Petit lexique du choriste<\/h2>\n<p style=\"text-align: justify;\"><strong>ASSOCIATION loi 1901<\/strong><\/p>\n<div style=\"text-align: justify;\">La Chorale du Moulin d\u2019Ivry est une Association \u00abloi 1901\u00bb. A ce titre, elle est dot\u00e9e d\u2019un statut qui organise sa structure et son fonctionnement. Elle \u00e9lit un Conseil d\u2019administration qui assiste le chef de ch\u0153ur.<\/div>\n<div style=\"text-align: justify;\"><\/div>\n<div style=\"text-align: justify;\"><strong>ACCUEIL<\/strong><\/div>\n<div style=\"text-align: justify;\">Chaque pupitre se dote, en d\u00e9but d\u2019ann\u00e9e, d\u2019un ou deux choristes volontaires charg\u00e9s particuli\u00e8rement de l\u2019accueil des nouveaux, du pointage des pr\u00e9sences aux r\u00e9p\u00e9titions et de tout ce qui a trait aux relations entre les choristes de votre pupitre. Ils sont pr\u00eats \u00e0 r\u00e9pondre \u00e0 toutes vos questions. Pr\u00e9venez-les par t\u00e9l\u00e9phone de vos absences.<\/div>\n<div><\/div>\n<div style=\"text-align: justify;\"><strong>ALTO<\/strong><\/div>\n<div style=\"text-align: justify;\">La voix f\u00e9minine la plus grave ou la personne qui a cette voix.<\/div>\n<div><\/div>\n<div style=\"text-align: justify;\"><strong>ANNUAIRE DES CHORISTES<\/strong><\/div>\n<div style=\"text-align: justify;\">Une liste des choristes avec leurs coordonn\u00e9es (adresse et t\u00e9l\u00e9phone) est mise \u00e0 jour annuellement. Chaque choriste en re\u00e7oit un exemplaire. Cet annuaire est compl\u00e9t\u00e9 par un trombinoscope o\u00f9 figure la photo de chaque choriste.<\/div>\n<div><\/div>\n<div style=\"text-align: justify;\"><strong>BARYTON<\/strong><\/div>\n<div style=\"text-align: justify;\">Voix d\u2019homme qui, par son \u00e9tendue et son timbre, tient le milieu entre la basse et le t\u00e9nor.<\/div>\n<div><\/div>\n<div style=\"text-align: justify;\"><strong>BASSE<\/strong><\/div>\n<div style=\"text-align: justify;\">Dans une composition musicale \u00e0 plusieurs voix, partie instrumentale ou vocale faisant entendre les sons les plus graves, ou la plus grave des voix masculines.<\/div>\n<div><\/div>\n<div style=\"text-align: justify;\"><strong>BUREAU<\/strong><\/div>\n<div style=\"text-align: justify;\">Il est \u00e9lu chaque ann\u00e9e par et parmi les membres du Conseil d\u2019administration. Il comporte au minimum le chef de ch\u0153ur, le pr\u00e9sident, le tr\u00e9sorier et le secr\u00e9taire.<\/div>\n<div style=\"text-align: justify;\">Les recettes proviennent principalement des cotisations des membres et des subventions accord\u00e9es par la municipalit\u00e9, le d\u00e9partement ou le Conseil g\u00e9n\u00e9ral. La ville met gratuitement \u00e0 notre disposition la salle o\u00f9 nous r\u00e9p\u00e9tons et son mobilier.<\/div>\n<div style=\"text-align: justify;\">Les d\u00e9penses correspondent aux frais de secr\u00e9tariat, d\u2019assurance et \u00e0 l\u2019organisation de petites f\u00eates (f\u00eate des Rois, de la<\/div>\n<div style=\"text-align: justify;\">chorale, etc\u2026).<\/div>\n<div><\/div>\n<div style=\"text-align: justify;\"><strong>CALENDRIER DE TRAVAIL<\/strong><\/div>\n<div style=\"text-align: justify;\">En d\u00e9but d\u2019ann\u00e9e, le chef de ch\u0153ur remet \u00e0 chaque choriste un calendrier indicatif de travail qui lui permet de savoir, d\u2019une r\u00e9p\u00e9tition \u00e0 l\u2019autre, ce qu\u2019il aura \u00e0 travailler. La r\u00e9p\u00e9tition suivante n\u2019est pas un apprentissage mais une mise en commun du travail individuel.<\/div>\n<div style=\"text-align: justify;\"><\/div>\n<div style=\"text-align: justify;\"> <strong>CONSEIL D\u2019ADMINISTRATION<\/strong><\/div>\n<div style=\"text-align: justify;\">Il comprend au moins 6 membres charg\u00e9s d\u2019organiser la vie de la Chorale. Il peut d\u00e9signer parmi les autres choristes<\/div>\n<div style=\"text-align: justify;\">(volontaires) des responsables charg\u00e9s de l\u2019aider au bon fonctionnement de l\u2019Association.<\/div>\n<div style=\"text-align: justify;\">Au cours de l\u2019Assembl\u00e9e g\u00e9n\u00e9rale annuelle il pr\u00e9sente un bilan des activit\u00e9s et des perspectives. Il dresse un bilan financier et des pr\u00e9visions budg\u00e9taires pour la saison suivante.<\/div>\n<div style=\"text-align: justify;\"><\/div>\n<div style=\"text-align: justify;\"><strong>COTISATION<\/strong><\/div>\n<div style=\"text-align: justify;\">Somme d\u2019argent dont le montant est vot\u00e9 chaque ann\u00e9e en Assembl\u00e9e g\u00e9n\u00e9rale et que vous devez r\u00e9gler en d\u00e9but d\u2019ann\u00e9e*.<\/div>\n<div style=\"text-align: justify;\">Son acquittement est n\u00e9cessaire pour \u00eatre membre de la Chorale. Cette cotisation ne comprend pas l\u2019achat des partitions.<\/div>\n<div style=\"text-align: justify;\"><em>* En cas de difficult\u00e9s financi\u00e8res, un arrangement avec le tr\u00e9sorier est toujours possible, et ce, en toute discr\u00e9tion.<\/em><\/div>\n<div style=\"text-align: justify;\"><\/div>\n<div style=\"text-align: justify;\"><strong>PARTITION<\/strong><\/div>\n<div style=\"text-align: justify;\">Notation d\u2019une composition musicale, de l\u2019ensemble des parties. Pour se conformer \u00e0 la loi sur \u00abla propri\u00e9t\u00e9 litt\u00e9raire et artistique\u00bb (loi n\u00b0 92-597 du 01-07-1992) nous utilisons uniquement des partitions originales vendues dans le commerce, \u00e0 l\u2019exclusion de toute photocopie. Les partitions sont vendues en d\u00e9but d\u2019ann\u00e9e ou suivant l\u2019\u00e9volution du programme.<\/div>\n<div><\/div>\n<div style=\"text-align: justify;\"><strong>PRESTATION<\/strong><\/div>\n<div style=\"text-align: justify;\">La Chorale se produit plusieurs fois par an. Seuls les choristes connaissant int\u00e9gralement le r\u00e9pertoire chant\u00e9 lors de ces prestations sont invit\u00e9s \u00e0 y participer activement.<\/div>\n<div><\/div>\n<div style=\"text-align: justify;\"><strong>PUPITRE<\/strong><\/div>\n<div style=\"text-align: justify;\">Ensemble des choristes ayant la m\u00eame voix. Chaque pupitre (soprano, alto, t\u00e9nor, basse) est anim\u00e9 par un chef de pupitre.<\/div>\n<div><\/div>\n<div style=\"text-align: justify;\"><strong>REPETITIONS<\/strong><\/div>\n<div style=\"text-align: justify;\">Elles ont lieu pendant l\u2019ann\u00e9e scolaire de 20 h 15 \u00e0 22 h 15 tous les mercredis \u00e0 la salle des Longs Sillons. Toutefois, \u00e0 l\u2019approche de certaines prestations, des r\u00e9p\u00e9titions suppl\u00e9mentaires peuvent \u00eatre programm\u00e9es. De l\u2019assiduit\u00e9 \u00e0 ces r\u00e9p\u00e9titions d\u00e9pend la participation du choriste aux diff\u00e9rentes prestations.<\/div>\n<div style=\"text-align: justify;\"><strong>SOPRANO<\/strong><\/div>\n<div style=\"text-align: justify;\">La plus aigu\u00eb des voix f\u00e9minines ou la personne qui a cette voix.<\/div>\n<div><\/div>\n<div style=\"text-align: justify;\"><strong>TENOR<\/strong><\/div>\n<div style=\"text-align: justify;\">La voix d\u2019homme la plus aigu\u00eb ou la personne qui a cette voix.<\/div>\n<div><\/div>\n<div style=\"text-align: justify;\"><strong>TENUE DE CONCERT<\/strong><\/div>\n<div style=\"text-align: justify;\">Elle est actuellement :<\/div>\n<div style=\"text-align: justify;\">1- pour les femmes : le haut et le bas (jupe longue ou pantalon) sont noirs ainsi que les collants et les chaussures. Un<\/div>\n<div style=\"text-align: justify;\">foulard rouge (propri\u00e9t\u00e9 de la chorale et remis aux choristes pour le temps des prestations) agr\u00e9mente la tenue.<\/div>\n<div style=\"text-align: justify;\">2- pour les hommes : chemise blanche, n\u0153ud papillon noir, costume noir, pochette rouge (propri\u00e9t\u00e9 de la chorale).<\/div>\n<div style=\"text-align: justify;\">TROMBINOSCOPE<\/div>\n<div style=\"text-align: justify;\">Document remis \u00e0 chaque choriste, o\u00f9 figure le portrait de chacun avec ses nom et pr\u00e9nom marqu\u00e9s en dessous, destin\u00e9 \u00e0 favoriser les relations entre les choristes. Il est un compl\u00e9ment \u00e0 l\u2019annuaire des choristes.<\/div>\n<div style=\"text-align: justify;\">WEEK-END<\/div>\n<div style=\"text-align: justify;\">Chaque ann\u00e9e, plusieurs week-ends sont organis\u00e9s \u00e0 la salle des Longs Sillons ou en dehors d\u2019Ivry. Les dates en sont arr\u00eat\u00e9es \u00e0 l\u2019avance en concertation avec tous les choristes.<\/div>\n","protected":false},"excerpt":{"rendered":"<p>LIVRET d\u2019accueil (mise \u00e0 jour du 16 juillet 2006) La chorale &#8211; son programme &#8211; ses projets La Chorale du Moulin d\u2019Ivry est n\u00e9e en 1978. Elle s\u2019est constitu\u00e9e en association loi 1901 en 1983. Ses activit\u00e9s se sont toujours exerc\u00e9es \u00e0 Ivry. Partie d\u2019une poign\u00e9e de locataires habitant dans un immeuble de la place <a class=\"more-link\" href=\"https:\/\/new.choraledumoulin.net\/index.php\/accueil-des-nouveaux-membres\/\">Lire plus &#8230;<\/a><\/p>\n","protected":false},"author":3,"featured_media":0,"parent":0,"menu_order":0,"comment_status":"closed","ping_status":"closed","template":"","meta":{"footnotes":""},"class_list":["post-99","page","type-page","status-publish","hentry"],"_links":{"self":[{"href":"https:\/\/new.choraledumoulin.net\/index.php\/wp-json\/wp\/v2\/pages\/99","targetHints":{"allow":["GET"]}}],"collection":[{"href":"https:\/\/new.choraledumoulin.net\/index.php\/wp-json\/wp\/v2\/pages"}],"about":[{"href":"https:\/\/new.choraledumoulin.net\/index.php\/wp-json\/wp\/v2\/types\/page"}],"author":[{"embeddable":true,"href":"https:\/\/new.choraledumoulin.net\/index.php\/wp-json\/wp\/v2\/users\/3"}],"replies":[{"embeddable":true,"href":"https:\/\/new.choraledumoulin.net\/index.php\/wp-json\/wp\/v2\/comments?post=99"}],"version-history":[{"count":2,"href":"https:\/\/new.choraledumoulin.net\/index.php\/wp-json\/wp\/v2\/pages\/99\/revisions"}],"predecessor-version":[{"id":103,"href":"https:\/\/new.choraledumoulin.net\/index.php\/wp-json\/wp\/v2\/pages\/99\/revisions\/103"}],"wp:attachment":[{"href":"https:\/\/new.choraledumoulin.net\/index.php\/wp-json\/wp\/v2\/media?parent=99"}],"curies":[{"name":"wp","href":"https:\/\/api.w.org\/{rel}","templated":true}]}}

<h2 style="text-align: justify;">LIVRET d’accueil</h2>
<div style="text-align: justify;"><em><strong>(mise à jour du 16 juillet 2006)</strong></em></div>
<div style="text-align: justify;">La chorale - son programme - ses projets</div>
<div style="text-align: justify;">La Chorale du Moulin d’Ivry est née en 1978. Elle s’est constituée en association loi 1901 en 1983. Ses activités se sont toujours exercées à Ivry. Partie d’une poignée de locataires habitant dans un immeuble de la place Danton, elle a su, au fil des années, se développer et dépasser la cinquantaine de membres.</div>
<div style="text-align: justify;">Composée uniquement de choristes amateurs adultes des deux sexes regroupant les quatre voix, sans formation musicale obligée, elle rassemble des personnes qui désirent travailler le chant en partageant des relations amicales.</div>
<div style="text-align: justify;">Au fil des années le répertoire s’est orienté vers le répertoire classique.</div>
<div style="text-align: justify;">Chaque année la Chorale se produit en concerts. Nous avons donné :</div>
<div style="text-align: justify;">• depuis 1996, des programmes de chants variés dans plusieurs concerts en mars dans le cadre de l’opération «1000 choeurs pour un regard»,</div>
<div style="text-align: justify;">• en 1998, Gloria de Vivaldi avec la chorale Chanter de Vincennes et l’orchestre Opus 13,</div>
<div style="text-align: justify;">• en 2000, le Te Deum de Mozart et un Credo de Vivaldi, avec la chorale Divertimento de Paris 5e et l’orchestre Opus 13,</div>
<div style="text-align: justify;">• en 2002, le Requiem de Mozart, avec le chœur Darius Milhaud de Paris 14e et l’orchestre Opus 13,</div>
<div style="text-align: justify;">• en 2005, le Psaume 42 de Mendelssohn, avec le chœur Darius Milhaud de Paris 14e,</div>
<div style="text-align: justify;">• en 2006, un Magnificat de Pachelbel et la Messe en sol majeur de Schubert, avec le chœur Accord de Clamart et l’orchestre Opus 13,</div>
<div style="text-align: justify;">• le travail de l’année lors de notre fête annuelle en juin,</div>
<div style="text-align: justify;">• des chants de circonstance à la demande (anniversaires de la sortie des camps nazis, …).</div>
<div style="text-align: justify;">Outre les répétitions hebdomadaires du mercredi, le travail des choristes s’appuie sur des cassettes ou des CD préparés par pupitre. Ce travail est approfondi lors de quelques week-ends répartis dans l’année.</div>
<div style="text-align: justify;"></div>
<div></div>
<h2 style="text-align: justify;">Petit lexique du choriste</h2>
<p style="text-align: justify;"><strong>ASSOCIATION loi 1901</strong></p>
<div style="text-align: justify;">La Chorale du Moulin d’Ivry est une Association «loi 1901». A ce titre, elle est dotée d’un statut qui organise sa structure et son fonctionnement. Elle élit un Conseil d’administration qui assiste le chef de chœur.</div>
<div style="text-align: justify;"></div>
<div style="text-align: justify;"><strong>ACCUEIL</strong></div>
<div style="text-align: justify;">Chaque pupitre se dote, en début d’année, d’un ou deux choristes volontaires chargés particulièrement de l’accueil des nouveaux, du pointage des présences aux répétitions et de tout ce qui a trait aux relations entre les choristes de votre pupitre. Ils sont prêts à répondre à toutes vos questions. Prévenez-les par téléphone de vos absences.</div>
<div></div>
<div style="text-align: justify;"><strong>ALTO</strong></div>
<div style="text-align: justify;">La voix féminine la plus grave ou la personne qui a cette voix.</div>
<div></div>
<div style="text-align: justify;"><strong>ANNUAIRE DES CHORISTES</strong></div>
<div style="text-align: justify;">Une liste des choristes avec leurs coordonnées (adresse et téléphone) est mise à jour annuellement. Chaque choriste en reçoit un exemplaire. Cet annuaire est complété par un trombinoscope où figure la photo de chaque choriste.</div>
<div></div>
<div style="text-align: justify;"><strong>BARYTON</strong></div>
<div style="text-align: justify;">Voix d’homme qui, par son étendue et son timbre, tient le milieu entre la basse et le ténor.</div>
<div></div>
<div style="text-align: justify;"><strong>BASSE</strong></div>
<div style="text-align: justify;">Dans une composition musicale à plusieurs voix, partie instrumentale ou vocale faisant entendre les sons les plus graves, ou la plus grave des voix masculines.</div>
<div></div>
<div style="text-align: justify;"><strong>BUREAU</strong></div>
<div style="text-align: justify;">Il est élu chaque année par et parmi les membres du Conseil d’administration. Il comporte au minimum le chef de chœur, le président, le trésorier et le secrétaire.</div>
<div style="text-align: justify;">Les recettes proviennent principalement des cotisations des membres et des subventions accordées par la municipalité, le département ou le Conseil général. La ville met gratuitement à notre disposition la salle où nous répétons et son mobilier.</div>
<div style="text-align: justify;">Les dépenses correspondent aux frais de secrétariat, d’assurance et à l’organisation de petites fêtes (fête des Rois, de la</div>
<div style="text-align: justify;">chorale, etc…).</div>
<div></div>
<div style="text-align: justify;"><strong>CALENDRIER DE TRAVAIL</strong></div>
<div style="text-align: justify;">En début d’année, le chef de chœur remet à chaque choriste un calendrier indicatif de travail qui lui permet de savoir, d’une répétition à l’autre, ce qu’il aura à travailler. La répétition suivante n’est pas un apprentissage mais une mise en commun du travail individuel.</div>
<div style="text-align: justify;"></div>
<div style="text-align: justify;"> <strong>CONSEIL D’ADMINISTRATION</strong></div>
<div style="text-align: justify;">Il comprend au moins 6 membres chargés d’organiser la vie de la Chorale. Il peut désigner parmi les autres choristes</div>
<div style="text-align: justify;">(volontaires) des responsables chargés de l’aider au bon fonctionnement de l’Association.</div>
<div style="text-align: justify;">Au cours de l’Assemblée générale annuelle il présente un bilan des activités et des perspectives. Il dresse un bilan financier et des prévisions budgétaires pour la saison suivante.</div>
<div style="text-align: justify;"></div>
<div style="text-align: justify;"><strong>COTISATION</strong></div>
<div style="text-align: justify;">Somme d’argent dont le montant est voté chaque année en Assemblée générale et que vous devez régler en début d’année*.</div>
<div style="text-align: justify;">Son acquittement est nécessaire pour être membre de la Chorale. Cette cotisation ne comprend pas l’achat des partitions.</div>
<div style="text-align: justify;"><em>* En cas de difficultés financières, un arrangement avec le trésorier est toujours possible, et ce, en toute discrétion.</em></div>
<div style="text-align: justify;"></div>
<div style="text-align: justify;"><strong>PARTITION</strong></div>
<div style="text-align: justify;">Notation d’une composition musicale, de l’ensemble des parties. Pour se conformer à la loi sur «la propriété littéraire et artistique» (loi n° 92-597 du 01-07-1992) nous utilisons uniquement des partitions originales vendues dans le commerce, à l’exclusion de toute photocopie. Les partitions sont vendues en début d’année ou suivant l’évolution du programme.</div>
<div></div>
<div style="text-align: justify;"><strong>PRESTATION</strong></div>
<div style="text-align: justify;">La Chorale se produit plusieurs fois par an. Seuls les choristes connaissant intégralement le répertoire chanté lors de ces prestations sont invités à y participer activement.</div>
<div></div>
<div style="text-align: justify;"><strong>PUPITRE</strong></div>
<div style="text-align: justify;">Ensemble des choristes ayant la même voix. Chaque pupitre (soprano, alto, ténor, basse) est animé par un chef de pupitre.</div>
<div></div>
<div style="text-align: justify;"><strong>REPETITIONS</strong></div>
<div style="text-align: justify;">Elles ont lieu pendant l’année scolaire de 20 h 15 à 22 h 15 tous les mercredis à la salle des Longs Sillons. Toutefois, à l’approche de certaines prestations, des répétitions supplémentaires peuvent être programmées. De l’assiduité à ces répétitions dépend la participation du choriste aux différentes prestations.</div>
<div style="text-align: justify;"><strong>SOPRANO</strong></div>
<div style="text-align: justify;">La plus aiguë des voix féminines ou la personne qui a cette voix.</div>
<div></div>
<div style="text-align: justify;"><strong>TENOR</strong></div>
<div style="text-align: justify;">La voix d’homme la plus aiguë ou la personne qui a cette voix.</div>
<div></div>
<div style="text-align: justify;"><strong>TENUE DE CONCERT</strong></div>
<div style="text-align: justify;">Elle est actuellement :</div>
<div style="text-align: justify;">1- pour les femmes : le haut et le bas (jupe longue ou pantalon) sont noirs ainsi que les collants et les chaussures. Un</div>
<div style="text-align: justify;">foulard rouge (propriété de la chorale et remis aux choristes pour le temps des prestations) agrémente la tenue.</div>
<div style="text-align: justify;">2- pour les hommes : chemise blanche, nœud papillon noir, costume noir, pochette rouge (propriété de la chorale).</div>
<div style="text-align: justify;">TROMBINOSCOPE</div>
<div style="text-align: justify;">Document remis à chaque choriste, où figure le portrait de chacun avec ses nom et prénom marqués en dessous, destiné à favoriser les relations entre les choristes. Il est un complément à l’annuaire des choristes.</div>
<div style="text-align: justify;">WEEK-END</div>
<div style="text-align: justify;">Chaque année, plusieurs week-ends sont organisés à la salle des Longs Sillons ou en dehors d’Ivry. Les dates en sont arrêtées à l’avance en concertation avec tous les choristes.</div>

<p>LIVRET d’accueil (mise à jour du 16 juillet 2006) La chorale &#8211; son programme &#8211; ses projets La Chorale du Moulin d’Ivry est née en 1978. Elle s’est constituée en association loi 1901 en 1983. Ses activités se sont toujours exercées à Ivry. Partie d’une poignée de locataires habitant dans un immeuble de la place <a class="more-link" href="https://new.choraledumoulin.net/index.php/accueil-des-nouveaux-membres/">Lire plus &#8230;</a></p>
